3*w - 9. Calculate the remainder when 20 is divided by s.
2
Suppose 2*h = -2*y + 52, h - 3*h - y = -49. Calculate the remainder when h is divided by 10/25*5 - -2.
3
Suppose -3*i + 51 + 45 = 0. Let b(l) = l**2 - 2*l + 2. Calculate the remainder when i is divided by b(-3).
15
Let z(b) be the third derivative of b**4/24 - b**3/6 + 3*b**2. What is the remainder when z(6) is divided by 2?
1
Let t = -83 - -84. Calculate the remainder when 1 is divided by t.
0
What is the remainder when 2/(-10) + (-1326)/(-30) is divided by 24?
20
Let j(z) = 6 - 1 + 3*z**2 - 3*z**3 + 2*z**3 - 10*z**2 + 8*z. Let v be (3 - -7)*(-8)/10. What is the remainder when 13 is divided by j(v)?
3
Let v = 121 + -118. What is the remainder when 7 is divided by v?
1
Let y be 2*(3/2 + 2). Suppose y*d - 2*d = 25, 0 = -2*s - 3*d + 43. Calculate the remainder when 39 is divided by s.
11
Let t = 28 - -12. Suppose -2*r - t = -6*r. Suppose 2*i - 16 = r. Calculate the remainder when 25 is divided by i.
12
Suppose 4*c + f = 22, -2*c + 3*f = -2*f. Suppose -3*d - 2*d = c*z - 120, 8 = z + 5*d. Calculate the remainder when 83 is divided by z.
27
Suppose a + 52 = 5*a. Let c = -39 - -47. What is the remainder when a is divided by c?
5
Calculate the remainder when 197 is divided by -14*(-4 + 1) - (3 + -1).
37
Suppose a + 3*a = 24. Let c be (-142)/(-6) - (-2)/a. Let f = c + -17. Calculate the remainder when 20 is divided by f.
6
Let k(r) = -4*r + 8. Let w(t) = 3*t - 8. Let a(p) = 5*k(p) + 6*w(p). Suppose -o - 2*o + 4*g = 9, g = 3*o + 18. What is the remainder when 17 is divided by a(o)?
5
Suppose -2*m + 23 = -23. Let z = -6 - -18. Calculate the remainder when m is divided by z.
11
Suppose 0 = -q - 35 - 67. Let h = q - -157. Calculate the remainder when h is divided by 19.
17
Let n be (-2)/(-12) - 2/12. Suppose n = -3*d + 7*d - 56. Calculate the remainder when 53 is divided by d.
11
Suppose 0 = i - 45 - 277. Let b be i/12 - 4/(-24). Suppose -5*z + 33 = -b. Calculate the remainder when 23 is divided by z.
11
Suppose -4*z - 5*p + 16 = 0, 6*z - z - 20 = -4*p. Let j = z + 14. What is the remainder when 69 is divided by j?
15
Suppose 7*v - 2*v = 5*n - 30, -2*v + 32 = 2*n. Calculate the remainder when 38 is divided by n.
5
Let h = -26 - -46. What is the remainder when 59 is divided by h?
19
Let n = -32 - -95. Suppose 3*p - 5 - 1 = 0, -4*p = r - n. Calculate the remainder when r is divided by 19.
17
Let v(h) = h**2 - h + 2. Let k be v(2). Let m = k + 1. Suppose 36 = m*a - a. Calculate the remainder when 16 is divided by a.
7
Calculate the remainder when (-942)/(-7) + 30/70 is divided by 35.
30
Let v(a) = 17*a**2. Let q = -1 - 0. Calculate the remainder when (-2 + 0)*(-33)/2 is divided by v(q).
16
Let a(k) be the third derivative of -k**5/60 + k**4/24 + 4*k**3/3 - k**2. Let w be a(-7). What is the remainder when ((-2)/(-6))/((-2)/w) is divided by 3?
2
Suppose 54 = 2*u - 20. Suppose 2*k + u = 3*m, 5*m + k + 0*k - 66 = 0. What is the remainder when (-20)/6*(-30)/4 is divided by m?
12
Let y = 12 - 11. Calculate the remainder when 15 is divided by 52/8 + y/(-2).
3
Suppose 0 = -3*m - 4*d - 21, 0*d - 14 = 2*m - 2*d. Let a(j) = 2*j**2 + 6*j - 2. Calculate the remainder when a(m) is divided by 14.
12
Suppose -5*t - 3*s + 46 = -4, 3*s = -3*t + 24. Calculate the remainder when t is divided by 5.
3
Suppose 0 = 4*d - 20 + 4. What is the remainder when (-54)/(-8) - 15/20 is divided by d?
2
Let r be (-6)/(-15) - 666/(-10). Suppose 3*a - 141 = -u, 3*a + 5*u + r = 196. Suppose -6*h = -2*h - a. What is the remainder when 22 is divided by h?
10
Let y(w) = -w**3 - 1. Let d(a) = -a**3 + 5*a**2 + 3. Let j be d(5). Let b be (-2)/j - (-4)/(-3). What is the remainder when 12 is divided by y(b)?
5
Let t(d) = -d**3 + 4*d**2 + d. Let o be t(4). Suppose -26 = -2*r + o*j, 3*r - 5*r = 4*j - 18. What is the remainder when r is divided by 6?
5
Suppose -5*d - 1 = -6, -g = -3*d - 15. Let j = g + -11. Suppose -h + 16 = -2*l + 46, -h - 4 = 0. What is the remainder when l is divided by j?
6
What is the remainder when 14/28*(-1 - -31) is divided by 9?
6
Let j(o) = 2*o**2 + 11*o + 9. Suppose 0 = -5*h + 15, 2*v + 3*v + 25 = -5*h. Let w(l) = 3*l + 2. What is the remainder when j(v) is divided by w(5)?
15
Let a = -3 + 2. Suppose -l = -n - 19, 3*l - 5*n = -4*n + 55. What is the remainder when l is divided by 1 - -1 - 8/a?
8
Suppose 15 + 29 = 4*d. Let k = 45 + d. What is the remainder when k is divided by 19?
18
Suppose o + x - 20 = -2*o, -3*x = -3*o. Suppose -68 = -o*u - g, 3*u - 46 = -0*g + 2*g. Let k = 57 + -49. Calculate the remainder when u is divided by k.
6
Let h be 6/(3*1/(-2)). Let y be 20/1 + h/(-2). What is the remainder when 2/(1 - -1)*y is divided by 8?
6
Calculate the remainder when 51 is divided by (-26)/(-4)*16/8.
12
Suppose 3*n - n = 10. Let l(b) = -57*b + 1. What is the remainder when l(-1) is divided by (n - 2/1) + 17?
18
Let h = -9 + 16. What is the remainder when 241/9 - (-8)/36 is divided by h?
6
Suppose 3*o - o - 2*x = 0, 3*x + 1 = 4*o. Calculate the remainder when o + 1 - 4 - -60 is divided by (-1)/4 + (-162)/(-8).
18
Let t(d) be the third derivative of -13*d**6/120 + d**5/60 + d**4/24 - d**2. Suppose 50 = -3*f + 5*f. Calculate the remainder when f is divided by t(-1).
12
Let i(k) = -k**3 - 4*k**2 - 2. Let u be i(-4). Let a = -2 - u. What is the remainder when 15 is divided by 12/30*(a - -20)?
7
Calculate the remainder when 29 is divided by 1/(1*(-2)/(-22)).
7
Calculate the remainder when 43/((5/(-3))/(-5)) is divided by 26.
25
Let g be 3/9 + (-1223)/(-3). Let n be 1/(-5) + g/15. Let f = 23 + n. What is the remainder when f is divided by 17?
16
Let q = 10 + -5. Let r = 1 + 1. Suppose r*i - 56 = -4*j, 6*j - 2*j - 4*i = 32. Calculate the remainder when j is divided by q.
2
Let g = 28 + -19. Suppose 7*c - 101 = 81. Calculate the remainder when c is divided by g.
8
Let a(c) = -c + 5. Let s be a(0). Suppose 2*k + 5 = 6*m - m, 2*m = -s*k + 31. Suppose -m - 1 = -4*z. What is the remainder when z is divided by 1?
0
Let p = 11 - 5. Suppose -a = u - 12, -2*a + 3*a - 2*u - p = 0. Calculate the remainder when 18 is divided by a.
8
Let n(v) = -4*v. Let z be n(-6). Suppose 7*u + z = 10*u. Calculate the remainder when 19 is divided by u.
3
Suppose -2*o + 8 + 14 = 0. Let v(a) be the second derivative of 11*a**4/4 - a**2/2 - 2*a. What is the remainder when v(-1) is divided by o?
10
Suppose 0*w - 3*w = -24. Let a be 1*-1 - 8/w. Let y = a - -9. Calculate the remainder when 26 is divided by y.
5
What is the remainder when 6/15 - (-312)/20 is divided by 10?
6
Suppose -92 = -3*l + 25. What is the remainder when l is divided by 20?
19
Suppose 15*p = 10*p + 15. Calculate the remainder when 6 is divided by p.
0
Suppose -4*a + 0*a - 4 = 0. Let v be a/4 - (-17)/4. Suppose z + v*z - 50 = 0. What is the remainder when z is divided by 6?
4
Let i be ((-2)/5)/((-5)/(-50)). Let n(x) = x + 8. Calculate the remainder when 14 is divided by n(i).
2
Suppose 5*i + 3*d - 5*d - 49 = 0, 0 = -2*d - 4. Suppose -i = -w + 10. What is the remainder when 74 is divided by w?
17
Let x(a) = a**2 - 2. Calculate the remainder when 7 is divided by x(2).
1
Let l(i) be the third derivative of i**5/30 - 3*i**4/8 - 2*i**2. Calculate the remainder when 52 is divided by l(6).
16
Suppose -84 - 33 = -13*i. What is the remainder when 29 is divided by i?
2
Suppose -3*o = 148 - 19. Let p = -10 - o. What is the remainder when p is divided by 17?
16
Suppose -2 - 18 = -2*y. Suppose -21 = -3*g - 3. Calculate the remainder when y is divided by g.
4
Let z(n) be the second derivative of -n**3 - 5*n**2/2 + n. Let k(b) = b + 4. What is the remainder when z(-5) is divided by k(5)?
7
Let b(m) be the third derivative of m**5/60 - m**4/12 - 5*m**3/6 - 3*m**2. Suppose -4*f + 38 = -2*f. What is the remainder when f is divided by b(5)?
9
Let t(c) = -c**2 + 7*c + 6. Suppose 4*i + 4*l - 28 = 0, 0*l = 5*l. Suppose -5*y + 20 = -0*y. What is the remainder when t(i) is divided by y?
2
Suppose 0 = -m - 3, -3*u + 39 = -2*u - 5*m. Let w = 18 - 7. What is the remainder when w is divided by ((-6)/(-12))/(2/u)?
5
Let i be 35*(7 - (4 + 0)). Calculate the remainder when (-2)/2 + i/15 is divided by 5.
1
Suppose -8 = 2*i, -3*i - 46 = -2*q + 8. What is the remainder when q is divided by 6?
3
Let l = -129 + 214. What i